{"id":616,"date":"2016-04-11T11:08:05","date_gmt":"2016-04-11T11:08:05","guid":{"rendered":"http:\/\/scma-cbt.com\/?page_id=616"},"modified":"2026-04-09T16:15:32","modified_gmt":"2026-04-09T16:15:32","slug":"orcamentos-e-relatorios-de-gestao","status":"publish","type":"page","link":"http:\/\/scma-cbt.com\/?page_id=616","title":{"rendered":"Or\u00e7amentos e Relat\u00f3rios de Gest\u00e3o"},"content":{"rendered":"<div class=\"wpb-content-wrapper\"><p>[vc_row][vc_column][vc_separator][\/vc_column][\/vc_row][vc_row][vc_column width=&#8221;1\/2&#8243;][vc_column_text css=&#8221;&#8221;]<\/p>\n<h2><strong>2016<\/strong><\/h2>\n<p>[\/vc_column_text][vc_btn title=&#8221;Relat\u00f3rio Gest\u00e3o 2016&#8243; color=&#8221;vista-blue&#8221; size=&#8221;lg&#8221; i_icon_fontawesome=&#8221;fas fa-file-download&#8221; css=&#8221;&#8221; add_icon=&#8221;true&#8221; link=&#8221;url:http%3A%2F%2Fscma-cbt.com%2Fwp-content%2Fuploads%2F2021%2F02%2FRELAT%25C3%2593RIO-DE-GEST%25C3%2583O-2016.pdf|target:_blank&#8221;][vc_empty_space][vc_btn title=&#8221;Demonstra\u00e7\u00e3o de Resultados 2016&#8243; color=&#8221;vista-blue&#8221; size=&#8221;lg&#8221; i_icon_fontawesome=&#8221;fas fa-file-download&#8221; css=&#8221;&#8221; add_icon=&#8221;true&#8221; link=&#8221;url:http%3A%2F%2Fscma-cbt.com%2Fwp-content%2Fuploads%2F2021%2F02%2FDemonstra%25C3%25A7%25C3%25A3o-Resultados-2016.pdf|target:_blank&#8221;][vc_empty_space][vc_btn title=&#8221;Balan\u00e7o 2016&#8243; color=&#8221;vista-blue&#8221; size=&#8221;lg&#8221; i_icon_fontawesome=&#8221;fas fa-file-download&#8221; css=&#8221;&#8221; add_icon=&#8221;true&#8221; link=&#8221;url:http%3A%2F%2Fscma-cbt.com%2Fwp-content%2Fuploads%2F2021%2F02%2FBalan%25C3%25A7o-2016.pdf|target:_blank&#8221;][\/vc_column][vc_column width=&#8221;1\/2&#8243;][\/vc_column][\/vc_row][vc_row][vc_column][vc_separator][\/vc_column][\/vc_row][vc_row][vc_column width=&#8221;1\/2&#8243;][vc_column_text css=&#8221;&#8221;]<\/p>\n<h2><strong>2017<\/strong><\/h2>\n<p>[\/vc_column_text][vc_btn title=&#8221;Relat\u00f3rio Gest\u00e3o 2017&#8243; color=&#8221;orange&#8221; size=&#8221;lg&#8221; i_icon_fontawesome=&#8221;fas fa-file-download&#8221; css=&#8221;&#8221; add_icon=&#8221;true&#8221; link=&#8221;url:http%3A%2F%2Fscma-cbt.com%2Fwp-content%2Fuploads%2F2018%2F06%2FRELAT%25C3%2593RIO-DE-CONTAS-2017-.pdf|target:_blank&#8221;][vc_empty_space][vc_btn title=&#8221;Demonstra\u00e7\u00e3o de Resultados 2017&#8243; color=&#8221;orange&#8221; size=&#8221;lg&#8221; i_icon_fontawesome=&#8221;fas fa-file-download&#8221; css=&#8221;&#8221; add_icon=&#8221;true&#8221; link=&#8221;url:http%3A%2F%2Fscma-cbt.com%2Fwp-content%2Fuploads%2F2018%2F06%2FDR-1.pdf|target:_blank&#8221;][vc_empty_space][vc_btn title=&#8221;Balan\u00e7o 2017&#8243; color=&#8221;orange&#8221; size=&#8221;lg&#8221; i_icon_fontawesome=&#8221;fas fa-file-download&#8221; css=&#8221;&#8221; add_icon=&#8221;true&#8221; link=&#8221;url:http%3A%2F%2Fscma-cbt.com%2Fwp-content%2Fuploads%2F2018%2F06%2FBALAN%25C3%2587O-1.pdf|target:_blank&#8221;][\/vc_column][vc_column width=&#8221;1\/2&#8243;][vc_column_text css=&#8221;&#8221;]<\/p>\n<h2><strong>2018<\/strong><\/h2>\n<p>[\/vc_column_text][vc_btn title=&#8221;Relat\u00f3rio Gest\u00e3o 2018&#8243; color=&#8221;mulled-wine&#8221; size=&#8221;lg&#8221; i_icon_fontawesome=&#8221;fas fa-file-download&#8221; css=&#8221;&#8221; add_icon=&#8221;true&#8221; link=&#8221;url:http%3A%2F%2Fscma-cbt.com%2Fwp-content%2Fuploads%2F2021%2F02%2FRELAT%25C3%2593RIO-DE-GEST%25C3%2583O-2018.pdf|target:_blank&#8221;][vc_empty_space][vc_btn title=&#8221;Demonstra\u00e7\u00e3o de Resultados 2018&#8243; color=&#8221;mulled-wine&#8221; size=&#8221;lg&#8221; i_icon_fontawesome=&#8221;fas fa-file-download&#8221; css=&#8221;&#8221; add_icon=&#8221;true&#8221; link=&#8221;url:http%3A%2F%2Fscma-cbt.com%2Fwp-content%2Fuploads%2F2021%2F02%2FDemonstra%25C3%25A7%25C3%25A3o-Resultados-2018.pdf|target:_blank&#8221;][vc_empty_space][vc_btn title=&#8221;Balan\u00e7o 2018&#8243; color=&#8221;mulled-wine&#8221; size=&#8221;lg&#8221; i_icon_fontawesome=&#8221;fas fa-file-download&#8221; css=&#8221;&#8221; add_icon=&#8221;true&#8221; link=&#8221;url:http%3A%2F%2Fscma-cbt.com%2Fwp-content%2Fuploads%2F2021%2F02%2FBalan%25C3%25A7o-2018.pdf|target:_blank&#8221;][\/vc_column][\/vc_row][vc_row][vc_column][vc_separator][\/vc_column][\/vc_row][vc_row][vc_column width=&#8221;1\/2&#8243;][vc_column_text css=&#8221;&#8221;]<\/p>\n<h2><strong>2019<\/strong><\/h2>\n<p>[\/vc_column_text][vc_btn title=&#8221;Relat\u00f3rio Gest\u00e3o 2019&#8243; color=&#8221;blue&#8221; size=&#8221;lg&#8221; i_icon_fontawesome=&#8221;fas fa-file-download&#8221; css=&#8221;&#8221; add_icon=&#8221;true&#8221; link=&#8221;url:http%3A%2F%2Fscma-cbt.com%2Fwp-content%2Fuploads%2F2021%2F02%2FRELAT%25C3%2593RIO-DE-GEST%25C3%2583O-2019.pdf|target:_blank&#8221;][vc_empty_space][vc_btn title=&#8221;Demonstra\u00e7\u00e3o de Resultados 2019&#8243; color=&#8221;blue&#8221; size=&#8221;lg&#8221; i_icon_fontawesome=&#8221;fas fa-file-download&#8221; css=&#8221;&#8221; add_icon=&#8221;true&#8221; link=&#8221;url:http%3A%2F%2Fscma-cbt.com%2Fwp-content%2Fuploads%2F2021%2F02%2FDemonstra%25C3%25A7%25C3%25A3o-de-Resultados-2019.pdf|target:_blank&#8221;][vc_empty_space][vc_btn title=&#8221;Balan\u00e7o 2019&#8243; color=&#8221;blue&#8221; size=&#8221;lg&#8221; i_icon_fontawesome=&#8221;fas fa-file-download&#8221; css=&#8221;&#8221; add_icon=&#8221;true&#8221; link=&#8221;url:http%3A%2F%2Fscma-cbt.com%2Fwp-content%2Fuploads%2F2021%2F02%2FBalan%25C3%25A7o-2019.pdf|target:_blank&#8221;][\/vc_column][vc_column width=&#8221;1\/2&#8243;][vc_column_text css=&#8221;&#8221;]<\/p>\n<h2><strong>2020<\/strong><\/h2>\n<p>[\/vc_column_text][vc_btn title=&#8221;Relat\u00f3rio Gest\u00e3o 2020&#8243; size=&#8221;lg&#8221; i_icon_fontawesome=&#8221;fas fa-file-download&#8221; css=&#8221;&#8221; add_icon=&#8221;true&#8221; link=&#8221;url:http%3A%2F%2Fscma-cbt.com%2Fwp-content%2Fuploads%2F2021%2F04%2FRelat%25C3%25B3rio-contas-2020_compressed1.pdf|target:_blank&#8221;][vc_empty_space][vc_btn title=&#8221;Demonstra\u00e7\u00e3o de Resultados 2020&#8243; size=&#8221;lg&#8221; i_icon_fontawesome=&#8221;fas fa-file-download&#8221; css=&#8221;&#8221; add_icon=&#8221;true&#8221; link=&#8221;url:http%3A%2F%2Fscma-cbt.com%2Fwp-content%2Fuploads%2F2021%2F04%2FDemonstra%25C3%25A7%25C3%25A3o-de-Resultados-2020.pdf|target:_blank&#8221;][vc_empty_space][vc_btn title=&#8221;Balan\u00e7o 2020&#8243; size=&#8221;lg&#8221; i_icon_fontawesome=&#8221;fas fa-file-download&#8221; css=&#8221;&#8221; add_icon=&#8221;true&#8221; link=&#8221;url:http%3A%2F%2Fscma-cbt.com%2Fwp-content%2Fuploads%2F2021%2F04%2FBalan%25C3%25A7o.pdf|target:_blank&#8221;][\/vc_column][\/vc_row][vc_row][vc_column][vc_separator][\/vc_column][\/vc_row][vc_row][vc_column width=&#8221;1\/2&#8243;][vc_column_text css=&#8221;&#8221;]<\/p>\n<h2><strong>2021<\/strong><\/h2>\n<p>[\/vc_column_text][vc_btn title=&#8221;Relat\u00f3rio Gest\u00e3o 2021&#8243; color=&#8221;chino&#8221; size=&#8221;lg&#8221; i_icon_fontawesome=&#8221;fas fa-file-download&#8221; css=&#8221;&#8221; add_icon=&#8221;true&#8221; link=&#8221;url:http%3A%2F%2Fscma-cbt.com%2Fwp-content%2Fuploads%2F2022%2F05%2FDemonstra%25C3%25A7%25C3%25A3o-Resultados-2021.pdf|target:_blank&#8221;][vc_empty_space][vc_btn title=&#8221;Demonstra\u00e7\u00e3o de Resultados 2021&#8243; color=&#8221;chino&#8221; size=&#8221;lg&#8221; i_icon_fontawesome=&#8221;fas fa-file-download&#8221; css=&#8221;&#8221; add_icon=&#8221;true&#8221; link=&#8221;url:http%3A%2F%2Fscma-cbt.com%2Fwp-content%2Fuploads%2F2022%2F05%2FDemonstra%25C3%25A7%25C3%25A3o-Resultados-2021.pdf|target:_blank&#8221;][vc_empty_space][vc_btn title=&#8221;Balan\u00e7o 2021&#8243; color=&#8221;chino&#8221; size=&#8221;lg&#8221; i_icon_fontawesome=&#8221;fas fa-file-download&#8221; css=&#8221;&#8221; add_icon=&#8221;true&#8221; link=&#8221;url:http%3A%2F%2Fscma-cbt.com%2Fwp-content%2Fuploads%2F2022%2F05%2FBalan%25C3%25A7o-2021.pdf|target:_blank&#8221;][\/vc_column][vc_column width=&#8221;1\/2&#8243;][vc_column_text css=&#8221;&#8221;]<\/p>\n<h2><strong>2022<\/strong><\/h2>\n<p>[\/vc_column_text][vc_btn title=&#8221;Relat\u00f3rio Gest\u00e3o 2022&#8243; color=&#8221;inverse&#8221; size=&#8221;lg&#8221; i_icon_fontawesome=&#8221;fas fa-file-download&#8221; css=&#8221;&#8221; add_icon=&#8221;true&#8221; link=&#8221;url:http%3A%2F%2Fscma-cbt.com%2Fwp-content%2Fuploads%2F2023%2F03%2FRelatorio-de-Gestao.pdf|target:_blank&#8221;][vc_empty_space][vc_btn title=&#8221;Demonstra\u00e7\u00e3o de Resultados 2022&#8243; color=&#8221;inverse&#8221; size=&#8221;lg&#8221; i_icon_fontawesome=&#8221;fas fa-file-download&#8221; css=&#8221;&#8221; add_icon=&#8221;true&#8221; link=&#8221;url:http%3A%2F%2Fscma-cbt.com%2Fwp-content%2Fuploads%2F2023%2F03%2FDR-2022.pdf|target:_blank&#8221;][vc_empty_space][vc_btn title=&#8221;Balan\u00e7o 2022&#8243; color=&#8221;inverse&#8221; size=&#8221;lg&#8221; i_icon_fontawesome=&#8221;fas fa-file-download&#8221; css=&#8221;&#8221; add_icon=&#8221;true&#8221; link=&#8221;url:http%3A%2F%2Fscma-cbt.com%2Fwp-content%2Fuploads%2F2023%2F03%2FBalanco-2022.pdf|target:_blank&#8221;][\/vc_column][\/vc_row][vc_row][vc_column][vc_separator][\/vc_column][\/vc_row][vc_row][vc_column width=&#8221;1\/2&#8243;][vc_column_text css=&#8221;&#8221;]<\/p>\n<h2><strong>2023<\/strong><\/h2>\n<p>[\/vc_column_text][vc_btn title=&#8221;Relat\u00f3rio Gest\u00e3o 2023&#8243; color=&#8221;info&#8221; size=&#8221;lg&#8221; i_icon_fontawesome=&#8221;fas fa-file-download&#8221; css=&#8221;&#8221; add_icon=&#8221;true&#8221; link=&#8221;url:http%3A%2F%2Fscma-cbt.com%2Fwp-content%2Fuploads%2F2024%2F04%2FRelatorio-de-Contas.pdf|target:_blank&#8221;][vc_empty_space][vc_btn title=&#8221;Demonstra\u00e7\u00e3o de Resultados 2023&#8243; color=&#8221;info&#8221; size=&#8221;lg&#8221; i_icon_fontawesome=&#8221;fas fa-file-download&#8221; css=&#8221;&#8221; add_icon=&#8221;true&#8221; link=&#8221;url:http%3A%2F%2Fscma-cbt.com%2Fwp-content%2Fuploads%2F2024%2F04%2FDR.pdf|target:_blank&#8221;][vc_empty_space][vc_btn title=&#8221;Balan\u00e7o 2023&#8243; color=&#8221;info&#8221; size=&#8221;lg&#8221; i_icon_fontawesome=&#8221;fas fa-file-download&#8221; css=&#8221;&#8221; add_icon=&#8221;true&#8221; link=&#8221;url:http%3A%2F%2Fscma-cbt.com%2Fwp-content%2Fuploads%2F2024%2F04%2FBalanco.pdf|target:_blank&#8221;][\/vc_column][vc_column width=&#8221;1\/2&#8243;][vc_column_text css=&#8221;&#8221;]<\/p>\n<h2><strong>2024<\/strong><\/h2>\n<p>[\/vc_column_text][vc_btn title=&#8221;Relat\u00f3rio Gest\u00e3o 2024&#8243; color=&#8221;danger&#8221; size=&#8221;lg&#8221; i_icon_fontawesome=&#8221;fas fa-file-download&#8221; css=&#8221;&#8221; add_icon=&#8221;true&#8221; link=&#8221;url:http%3A%2F%2Fscma-cbt.com%2Fwp-content%2Fuploads%2F2025%2F04%2FRELATORIO-GESTAO.pdf|target:_blank&#8221;][vc_empty_space][vc_btn title=&#8221;Demonstra\u00e7\u00e3o de Resultados 2024&#8243; color=&#8221;danger&#8221; size=&#8221;lg&#8221; i_icon_fontawesome=&#8221;fas fa-file-download&#8221; css=&#8221;&#8221; add_icon=&#8221;true&#8221; link=&#8221;url:http%3A%2F%2Fscma-cbt.com%2Fwp-content%2Fuploads%2F2025%2F04%2FDEMOSNTRACAO-RESULTADOS.pdf|target:_blank&#8221;][vc_empty_space][vc_btn title=&#8221;Balan\u00e7o 2024&#8243; color=&#8221;danger&#8221; size=&#8221;lg&#8221; i_icon_fontawesome=&#8221;fas fa-file-download&#8221; css=&#8221;&#8221; add_icon=&#8221;true&#8221; link=&#8221;url:http%3A%2F%2Fscma-cbt.com%2Fwp-content%2Fuploads%2F2025%2F04%2FBALANCO.pdf|target:_blank&#8221;][\/vc_column][\/vc_row][vc_row][vc_column width=&#8221;1\/2&#8243;][vc_column_text css=&#8221;&#8221;]<\/p>\n<h2><strong>2025<\/strong><\/h2>\n<p>[\/vc_column_text][vc_btn title=&#8221;Relat\u00f3rio Gest\u00e3o 2025&#8243; color=&#8221;success&#8221; size=&#8221;lg&#8221; i_icon_fontawesome=&#8221;fas fa-file-download&#8221; css=&#8221;&#8221; add_icon=&#8221;true&#8221; link=&#8221;url:http%3A%2F%2Fscma-cbt.com%2Fwp-content%2Fuploads%2F2026%2F04%2FRelatorio-de-Gestao-Contas-2025_compressed.pdf|target:_blank&#8221;][vc_empty_space][vc_btn title=&#8221;Demonstra\u00e7\u00e3o de Resultados 2025&#8243; color=&#8221;success&#8221; size=&#8221;lg&#8221; i_icon_fontawesome=&#8221;fas fa-file-download&#8221; css=&#8221;&#8221; add_icon=&#8221;true&#8221; link=&#8221;url:http%3A%2F%2Fscma-cbt.com%2Fwp-content%2Fuploads%2F2026%2F04%2FDemonstracao-de-Resultados-2025.pdf|target:_blank&#8221;][vc_empty_space][vc_btn title=&#8221;Balan\u00e7o 2025&#8243; color=&#8221;success&#8221; size=&#8221;lg&#8221; i_icon_fontawesome=&#8221;fas fa-file-download&#8221; css=&#8221;&#8221; add_icon=&#8221;true&#8221; link=&#8221;url:http%3A%2F%2Fscma-cbt.com%2Fwp-content%2Fuploads%2F2026%2F04%2FBalanco-2025.pdf|target:_blank&#8221;][\/vc_column][vc_column width=&#8221;1\/2&#8243;][vc_empty_space][vc_empty_space][\/vc_column][\/vc_row]<\/p>\n<\/div>","protected":false},"excerpt":{"rendered":"<p>[vc_row][vc_column][vc_separator][\/vc_column][\/vc_row][vc_row][vc_column width=&#8221;1\/2&#8243;][vc_column_text css=&#8221;&#8221;] 2016 [\/vc_column_text][vc_btn title=&#8221;Relat\u00f3rio Gest\u00e3o 2016&#8243; color=&#8221;vista-blue&#8221; size=&#8221;lg&#8221; i_icon_fontawesome=&#8221;fas fa-file-download&#8221; css=&#8221;&#8221; add_icon=&#8221;true&#8221; link=&#8221;url:http%3A%2F%2Fscma-cbt.com%2Fwp-content%2Fuploads%2F2021%2F02%2FRELAT%25C3%2593RIO-DE-GEST%25C3%2583O-2016.pdf|target:_blank&#8221;][vc_empty_space][vc_btn title=&#8221;Demonstra\u00e7\u00e3o de Resultados 2016&#8243; color=&#8221;vista-blue&#8221; size=&#8221;lg&#8221; i_icon_fontawesome=&#8221;fas fa-file-download&#8221; css=&#8221;&#8221; add_icon=&#8221;true&#8221; link=&#8221;url:http%3A%2F%2Fscma-cbt.com%2Fwp-content%2Fuploads%2F2021%2F02%2FDemonstra%25C3%25A7%25C3%25A3o-Resultados-2016.pdf|target:_blank&#8221;][vc_empty_space][vc_btn title=&#8221;Balan\u00e7o 2016&#8243; color=&#8221;vista-blue&#8221; size=&#8221;lg&#8221; i_icon_fontawesome=&#8221;fas fa-file-download&#8221; css=&#8221;&#8221; add_icon=&#8221;true&#8221; link=&#8221;url:http%3A%2F%2Fscma-cbt.com%2Fwp-content%2Fuploads%2F2021%2F02%2FBalan%25C3%25A7o-2016.pdf|target:_blank&#8221;][\/vc_column][vc_column width=&#8221;1\/2&#8243;][\/vc_column][\/vc_row][vc_row][vc_column][vc_separator][\/vc_column][\/vc_row][vc_row][vc_column width=&#8221;1\/2&#8243;][vc_column_text css=&#8221;&#8221;] 2017 [\/vc_column_text][vc_btn title=&#8221;Relat\u00f3rio Gest\u00e3o 2017&#8243; color=&#8221;orange&#8221; size=&#8221;lg&#8221; i_icon_fontawesome=&#8221;fas fa-file-download&#8221; css=&#8221;&#8221; add_icon=&#8221;true&#8221; link=&#8221;url:http%3A%2F%2Fscma-cbt.com%2Fwp-content%2Fuploads%2F2018%2F06%2FRELAT%25C3%2593RIO-DE-CONTAS-2017-.pdf|target:_blank&#8221;][vc_empty_space][vc_btn title=&#8221;Demonstra\u00e7\u00e3o de Resultados 2017&#8243; color=&#8221;orange&#8221; [&hellip;]<\/p>\n","protected":false},"author":3,"featured_media":0,"parent":0,"menu_order":0,"comment_status":"closed","ping_status":"closed","template":"","meta":{"footnotes":""},"class_list":["post-616","page","type-page","status-publish","hentry","clearfix"],"jetpack_sharing_enabled":true,"jetpack_shortlink":"https:\/\/wp.me\/P8Z7kd-9W","_links":{"self":[{"href":"http:\/\/scma-cbt.com\/index.php?rest_route=\/wp\/v2\/pages\/616","targetHints":{"allow":["GET"]}}],"collection":[{"href":"http:\/\/scma-cbt.com\/index.php?rest_route=\/wp\/v2\/pages"}],"about":[{"href":"http:\/\/scma-cbt.com\/index.php?rest_route=\/wp\/v2\/types\/page"}],"author":[{"embeddable":true,"href":"http:\/\/scma-cbt.com\/index.php?rest_route=\/wp\/v2\/users\/3"}],"replies":[{"embeddable":true,"href":"http:\/\/scma-cbt.com\/index.php?rest_route=%2Fwp%2Fv2%2Fcomments&post=616"}],"version-history":[{"count":42,"href":"http:\/\/scma-cbt.com\/index.php?rest_route=\/wp\/v2\/pages\/616\/revisions"}],"predecessor-version":[{"id":4241,"href":"http:\/\/scma-cbt.com\/index.php?rest_route=\/wp\/v2\/pages\/616\/revisions\/4241"}],"wp:attachment":[{"href":"http:\/\/scma-cbt.com\/index.php?rest_route=%2Fwp%2Fv2%2Fmedia&parent=616"}],"curies":[{"name":"wp","href":"https:\/\/api.w.org\/{rel}","templated":true}]}}